 units digit of k?
8
Let b be (4/5)/(6/15). Let c = -8 - -12. Suppose -c*g = -3*p + 10, -2 - 2 = -b*g. What is the units digit of p?
6
Let s = 32 + 23. What is the units digit of s?
5
Let u be 3/(6*(-2)/(-80)). Suppose -i - 13 = -4*r, 4*i - r = -3*r + u. What is the units digit of i?
3
Suppose 10*i + 572 = 14*i. What is the tens digit of i?
4
Suppose g = 4*g - 27. What is the units digit of g?
9
Suppose 3*t - 15 + 3 = 0. What is the units digit of t?
4
Let l(m) = -m**3 - 5*m**2 + 7*m + 5. Let u be l(-6). Let f be (-2 + u)*(4 - 3). Let n = f + 5. What is the units digit of n?
2
Let z(d) = -d**2 + 7*d + 2. Let i be z(7). Suppose 0*a = -a + i. Suppose -a*o - 10 + 40 = 0. What is the units digit of o?
5
Let k = 16 - 14. Suppose -2*p = 4*c - 94, -2*c - p + 53 = k*p. What is the tens digit of c?
2
Let f(k) = -7*k - 3. Let m(d) = d + 1. Let t(x) = f(x) + 5*m(x). Let l be t(4). What is the units digit of l/(-15) - 54/(-15)?
4
Suppose -m = -4*m + 24. What is the units digit of 3*1 - (-160)/m?
3
Let y(o) = -21*o + 6. Let j be y(-7). What is the tens digit of j/6*(-4)/(-6)?
1
Let w = -38 - -66. What is the units digit of w?
8
Suppose 0 = 3*i - 101 + 2. Suppose -f + i = -b - 3*b, 0 = 4*b + 12. What is the units digit of f?
1
Let z(x) = 4*x**3 + 2*x - 1. Let r be (-4)/12*(-5 - -2). What is the units digit of z(r)?
5
Let w = -7 + 4. Let u be -2*(0 - w) + -1. Let f = 14 + u. What is the units digit of f?
7
Let u(f) = -f**3 + 4*f**2 + f - 4. Let j be u(3). Let q = j - 8. Suppose q*l - 12 = -3*l. What is the units digit of l?
4
Let i = 71 + -35. Suppose 2*u - 2*y - 44 = -3*u, -5*u - 2*y + i = 0. What is the units digit of u - (1 - 0) - 1?
6
Suppose -3*i - 4*m - 3 = -58, 3*m + 27 = 3*i. What is the tens digit of i?
1
Suppose -3*p + 3*o + 9 = 3, 5*p - 4*o - 12 = 0. Suppose -4*d + 7*s - 4*s + 33 = 0, p*s = -2*d. What is the units digit of d?
6
Let j be 2/(-6) + 4/12. Suppose q - 7 = -j*q. Let b = q - 4. What is the units digit of b?
3
Suppose -2*s - 15 + 1 = 0. Let z = s + 4. What is the units digit of (-3)/(-2)*(-2)/z?
1
Suppose m + 6 + 48 = 3*f, 3*m - 59 = -4*f. What is the tens digit of f?
1
Let h(p) = 2 + 2 + 2*p**2 - 1 - 2 - p. What is the units digit of h(2)?
7
Let g(x) = -x + 11. Let a be 4/(-14) - 204/21. What is the units digit of g(a)?
1
Let y(o) = -o - 2. Let v be y(-5). Suppose -5*j + 2*j - 5*h + 30 = 0, v*h = -9. What is the units digit of j?
5
Suppose 0 = -0*c + 4*c - t - 1094, -5*t - 1375 = -5*c. What is the tens digit of c?
7
Suppose -5*x - 2*k - 37 = -168, 5*k = -x + 17. Let m = x - 9. What is the units digit of m?
8
Let l be (-6)/(-4)*(-6)/3. What is the tens digit of 1 + (0/l - -12)?
1
What is the units digit of 4 + (1 + 0)*22?
6
Let r be (0 - -4 - 1) + 0. Let x = 9 - r. Let p(o) = o**3 - 5*o**2 - 4*o - 8. What is the units digit of p(x)?
4
What is the units digit of 3/(-7) - (1 + 1760/(-7))?
0
Let p(f) = f**3 - f**2 + 2*f - 2. Let z be p(2). Let o(t) = -6 - 4 - 4*t - t**3 + 2 + 7*t**2. What is the units digit of o(z)?
4
Suppose 0 = 2*j + 23 - 83. What is the units digit of j?
0
Let j = -74 - -165. What is the units digit of j?
1
Let h(r) = -r**2 + 4*r + 3*r - r - 3. Let l be 10/(2 + 0 - 0). What is the units digit of h(l)?
2
Let o(w) = 1 - 3*w + w + w**2 - 6 + 4*w**2 - w**3. Let r be o(4). Suppose -r*d + 0*t + 5*t + 20 = 0, 0 = 5*d + 2*t - 23. What is the units digit of d?
5
Let c(z) be the second derivative of z**5/20 - z**4/3 + z**3/2 - 3*z**2 + z. Let l be c(4). What is the units digit of ((-9)/l)/((-6)/16)?
4
Suppose 0 = k - p + 9 - 4, 0 = -3*p - 12. Let f = -2 - k. Suppose 5*h - f = 3. What is the units digit of h?
2
Let w(d) = 7*d**2 + 2*d - 5. What is the hundreds digit of w(-7)?
3
Suppose 16 = 3*b - 2. Suppose 2*x - b*x + 64 = 0. Let q = x - 5. What is the units digit of q?
1
What is the units digit of 4/6 + (-1273)/(-57)?
3
Suppose -5 = 3*c + 2*c. What is the units digit of c/5 - 342/(-10)?
4
Let m be 7/((-3)/3)*-1. Suppose -3*q = -m*q + 32. What is the units digit of q?
8
Let n(b) = b**2 - 4*b + 3. Let q be n(4). What is the units digit of q/(-15) + 81/5?
6
Let n = -26 - -59. What is the units digit of 4/(3 + n/(-12))?
6
Let p be 2/(1/(-8)*-4). What is the tens digit of 1*(-8)/p + 47?
4
Let t(d) = 2 + 1 + 3*d - 2 - d. What is the units digit of t(2)?
5
Suppose 2*f = -8, -5*a - 5*f + 92 = -3*a. What is the tens digit of a?
5
Suppose 0 = -2*o + 5*p, -6*o + 2*o = -3*p. Let f = 2 - o. Suppose -7*v + 46 = -2*v + f*y, 0 = v - 5*y + 7. What is the units digit of v?
8
Suppose 0*m - 5*j - 26 = -2*m, 0 = 2*m + 3*j + 6. Suppose 15 = -m*n + 51. What is the tens digit of n?
1
Let j be (-3 - 15/(-2))*4. What is the tens digit of 4/(-4*(-1)/j)?
1
Let j be 3 - 48/(-1 + -1). Suppose -21 = -4*d + j. What is the tens digit of d?
1
Suppose 4*a + 4*j = -700, -4*j - 540 + 10 = 3*a. Let k be a/(-45) + 2/9. Suppose -4*p + k = -48. What is the tens digit of p?
1
Let o(y) = -y + 2. Let k(n) = 2*n - 4. Let r(u) = -2*k(u) - 5*o(u). Suppose 3*p = 2*p + 4. What is the units digit of r(p)?
2
Let h be (-1)/(-3 - (-2)/1). What is the units digit of (h + 2)/(3/25)?
5
Let l = 245 + -95. What is the hundreds digit of l?
1
Let u(n) = -n**3 + 4*n**2 + 2*n - 3. Let w be u(4). Let g be (-1)/w - (-8)/(-10). What is the tens digit of ((-52)/12)/(g/3)?
1
Let k be 5/((-84)/(-40) + -2). Let i = k + -16. What is the tens digit of i?
3
Suppose -b = 2*v + 2*b - 89, 3*v + 5*b - 134 = 0. What is the units digit of v?
3
Let j(i) = 4*i**2 + i - 2. What is the units digit of j(2)?
6
Suppose 4*w + 2*v + 0*v + 52 = 0, w - 2*v + 13 = 0. Let b = w - -22. What is the units digit of b?
9
Let h be (-83)/(-9) + (-4)/18. Let b(y) = y + 3. What is the tens digit of b(h)?
1
Let o(y) = -y**3 + y**2 + y + 3. Let c be o(0). What is the tens digit of 22/((12/8)/c)?
4
Suppose -16 = -a - 3*a. Let b = a - 1. Suppose 0 = 5*j - b*g - 36, 0*j + 4*j = -4*g + 48. What is the units digit of j?
9
Let w(u) = 3*u**2 + 2. Let p be w(2). Let f be -6*((-22)/(-6) - 3). Let l = f + p. What is the units digit of l?
0
Let m(b) = 2*b**2 - 14*b + 13. What is the tens digit of m(10)?
7
Let m be 6*-1*(-3)/(-9). Let f be m/4*(-6)/3. Let d(j) = 8*j. What is the units digit of d(f)?
8
Let g be 9/6*-2 + 8. Suppose 4*o - 108 = -g*t, 2*o + o + 2*t - 74 = 0. What is the units digit of o?
2
Suppose 3*y - 2*m - m - 33 = 0, 3*m - 47 = -5*y. Suppose -4*u + u + 33 = 0. Let o = u - y. What is the units digit of o?
1
Suppose 2*r + 2*v = -0*v + 10, -4*v = -r + 30. What is the units digit of r?
0
Suppose -2*w - w - 9 = 0. Let g = 10 + w. What is the units digit of g?
7
Let g = -16 + 13. Let l(j) = 1 + 3*j - 2*j**2 + j**3 - 2*j**3 + 0*j**3. What is the units digit of l(g)?
1
Let t = 0 - -1. Let h be 1/(t/(-2 + 6)). Suppose -5*r - 4*k + 52 = 0, -h*r - 3*k + 41 = -0*k. What is the units digit of r?
8
Suppose 0 = -v - 6 + 19. Let q = 35 - v. What is the tens digit of q?
2
Let n(i) be the third derivative of 0*i + 2*i**3 + 0 - 1/24*i**4 - i**2. What is the units digit of n(6)?
6
Let n(f) = f**3 - 16*f**2 + 20*f + 5. What is the units digit of n(15)?
0
Suppose 0 = -2*g - 5*f - 15, -3*g + 5*f = -0*f + 35. Let s(w) = -4*w - 17. What is the units digit of s(g)?
3
Suppose -5*c = -4*n - 20, 2*c - 46 = 5*n + c. Let s(u) = u - 16. Let x be s(10). What is the units digit of x + 4 - n*1?
8
What is the tens digit of ((-759)/(-12))/1 - 2/8?
6
Let x be (2/4)/(7/56). Suppose 4*s + z + 2*z + 1 = 0, -x*s - 6 = 2*z. What is the units digit of s/(-2) - (-2 - 0)?
4
Let s(j) = -j + 18. Suppose -2*x = -3*l - 9, -x = -4*x + l + 3. Let y be s(x). What is the units digit of 219/y - 2/12?
2
Let g be 82/4 - 2/4. Suppose g = 5*m - 0*m. What is the units digit of m/16 - (-27)/4?
7
Let z = 377 - 40. What is the tens digit of z?
3
Let i(c) = -14*c - 23. Let k(x) = -5*x - 8. Let q(d) = -6*i(d) + 17*k(d). Let z be (-1*(1 + -1))/1. What is the units digit of q(z)?
2
Let c(w) = -w**3 - 18*w**2 - 19*w - 21. What is the tens digit of c(-17)?
1
Suppose -5*a = -a - 68. Let s = 25 - a. Suppose 93 = 5*u + s. What is the units digit of u?
7
Let x be (-18)/(-27)*69/2. Suppose -4*l - 4*n = -x - 73, -2*l + 49 = n. What is the units digit of l?
5
Let k = 2 - -6. Suppose -5*o - 4*b + 44 = -k*b, 5*b - 19 = -3*o. What is the units digit of o?
8
Let b = -15 - -28. Let w = b - 9. Suppose